) = -2*n(o) - 3*s(o). Let a be u(5). Let v = a + 5. What is the remainder when 25 is divided by v?
4
Let a = 108 + -79. Calculate the remainder when (21/4)/(4/64) is divided by a.
26
Let h(v) be the first derivative of v**2 + 4*v + 2. Calculate the remainder when 77 is divided by h(6).
13
Suppose 35*g = 12*g + 17089. Calculate the remainder when g is divided by 244.
11
Suppose -15*v - 21*v = -36. Let z = -3 - -5. Calculate the remainder when z is divided by v.
0
Suppose 2*w - 5*f + 4 = 0, -2*f = w - 6 - 1. Let m = -201 + 201. Suppose m*l + 36 = w*l. What is the remainder when 45 is divided by l?
9
Let q = 93 + 23. What is the remainder when q is divided by 6?
2
Let c(d) = -4 - 1 + 415*d + 7*d**2 - 405*d - 2*d**3 + d**3. Suppose 13 = 2*u - 29. What is the remainder when u is divided by c(8)?
10
Let l = -21 - -27. Let j be (5/2)/(l/12). Suppose 86 = j*y - 0*y - 3*k, -5*k - 23 = -2*y. What is the remainder when y is divided by 5?
4
Let u = -50 + 60. Suppose -2*r = -r - 2*m - u, r + 3*m = 0. What is the remainder when 15 is divided by r?
3
Suppose -5*t + 3*t - 12 = 0. Let o = t - -11. Suppose -3*j = -5*y - 42, -j - 2*y = -o*y - 14. What is the remainder when j is divided by 4?
2
Suppose -31*l - 82 = -33*l. Calculate the remainder when 279 is divided by l.
33
Let q = -60 + 64. Let x(b) = -26*b + 1. What is the remainder when x(-1) is divided by q?
3
Let n(l) = -l**3 + 0*l + 2*l**2 - 28*l + 8 + 14*l**2. Calculate the remainder when 23 is divided by n(14).
7
Suppose 4*t = -3*a + 410, -4*t + 67 = a - 83. What is the remainder when a is divided by 8?
2
Let t(f) = 37*f - 46*f - 10*f**2 - f**3 + 8 + 0*f**3. What is the remainder when 12 is divided by t(-9)?
4
Suppose 8*k = 3*k. Suppose k*w + 2 = 4*q - 2*w, 30 = 5*q + 3*w. Suppose -5 = f + 2*o - 104, -f = -q*o - 99. Calculate the remainder when f is divided by 25.
24
Let c(d) = 15*d**2 + 3*d - 3. Let o be c(2). Suppose -8*f + o + 49 = 0. What is the remainder when 53 is divided by f?
11
Let x(d) = 5*d - 31. Suppose 0*l = -3*b - 2*l + 6, -b + l + 2 = 0. Calculate the remainder when x(8) is divided by b.
1
Suppose 0 = 9*a - 17*a + 32. Let o(g) = 7*g**2 - 17*g + 7. What is the remainder when 147 is divided by o(a)?
45
Suppose 0 = -9*r - 15 + 141. Let u(j) = -j**2 + 10*j - 4. Calculate the remainder when r is divided by u(9).
4
Suppose 0 = -34*s + 8337 - 2931. Calculate the remainder when s is divided by 36.
15
Let k = 203 - 195. Calculate the remainder when 41 is divided by k.
1
Let b = 328 + -136. What is the remainder when b is divided by 15?
12
What is the remainder when 3781/5 - (-2 - (-198)/90) is divided by 19?
15
Suppose -2*v + 251 = j - 266, -1285 = -5*v - 5*j. Calculate the remainder when v is divided by 15.
5
Let y(r) = -3*r - 41. Let j be 0 + -17 + 36/(-6) + 5. What is the remainder when y(j) is divided by 4?
1
Let n = 21 - -6. Let r = n - 6. Suppose -3*j - 3*a = -6*a - 39, 4 = -4*a. Calculate the remainder when r is divided by j.
9
Suppose -12 = -15*v + 603. Calculate the remainder when 69 is divided by v.
28
Suppose -4*f + 18 = -18. Let i be (-5)/(-1)*4/10. Suppose i*d = -0*d + 32. Calculate the remainder when d is divided by f.
7
Suppose 11*c + 28*c - 5265 = 0. What is the remainder when c is divided by 23?
20
Let n = 911 + -861. What is the remainder when n is divided by 20?
10
Let z(h) = -28*h**3 + h + 1. Let n be z(-1). Let p = n - 31. Let b = 14 - p. What is the remainder when 65 is divided by b?
14
Let b(u) = -u + 3. Suppose 0*j = -2*j - 18. Let o be b(j). Suppose -n = l - 31, 0 = -3*n + o - 0. Calculate the remainder when l is divided by 7.
6
Suppose 8*p + 12 - 748 = 0. Let c be (-24)/3*p/(-8). Suppose 0 = -5*j + c + 38. Calculate the remainder when 100 is divided by j.
22
Suppose -2*n - a + 18 = 0, -3*a + 2*a = -n + 6. Suppose p + 539 = n*p. Calculate the remainder when p is divided by 20.
17
Let y be ((-2138)/8)/((-30)/(-8) + -4). Suppose -g + q = -3*q - 209, 5*g + 4*q = y. What is the remainder when g is divided by 36?
33
Let r(z) = 10*z**2 - 6*z - 3. Let q(u) = 2*u**3. Let w be q(-1). What is the remainder when r(w) is divided by 10?
9
Let q = -49 - -52. Suppose 4*g = -n + 3*g + 94, 0 = -n - q*g + 104. Calculate the remainder when n is divided by 30.
29
Let g(h) = h**3 - 25*h**2 + 22*h + 61. What is the remainder when 519 is divided by g(24)?
12
Let w(o) = o**3 + o**2 - o + 6. Let n be w(0). Suppose -n*y - 6 = -9*y. Suppose -81 = -l - y*l. What is the remainder when l is divided by 7?
6
Suppose -5*x = 2*a - 220 - 121, 5*x - 5*a = 355. Let c(s) = -2*s + 28. Calculate the remainder when x is divided by c(5).
15
Suppose x = 15 - 45. Calculate the remainder when 2 - (x - -1) - 2 is divided by 15.
14
Suppose 5*o + 4*i - 589 - 483 = 0, 5*i = -4*o + 854. What is the remainder when o is divided by 55?
51
Suppose -4*l + 4*t = 704, -l - 707 = 3*l - 5*t. Let b = 267 + l. What is the remainder when b is divided by 6*(-64)/(-60)*5?
30
Let h = -751 - -762. Calculate the remainder when 291 is divided by h.
5
Suppose -3*c + 5*c = 738. Calculate the remainder when c is divided by 76.
65
Suppose 5*b - y - 173 = 0, -5*b + 4*y = -140 - 27. Suppose 9*v = b + 118. Calculate the remainder when 67 is divided by v.
16
Let w(v) = -8*v + 4. Let m be w(-1). Suppose -4*d = -2*d + 2*y - 10, -m = 3*y. What is the remainder when 42 is divided by d?
6
Let r(m) be the first derivative of 2*m**2 + 17*m - 20. What is the remainder when 3 is divided by r(-4)?
0
Calculate the remainder when (4 + 149 + -4)*(-28)/(-28) is divided by 18.
5
Suppose 53 + 64 = 9*z. Calculate the remainder when 49 is divided by z.
10
Suppose -2*s + s - 8*b = -68, 0 = b - 5. Let w = -6 - -11. What is the remainder when s is divided by w?
3
Suppose 20*v = 18*v + 4. What is the remainder when 75 is divided by -2 + 25 - v/(-4)*-6?
15
Let y(j) = 4*j - 4. Let q be y(3). Suppose 5*l + 175 = 5*b, -q*b + 163 = -3*b - l. Let h = -34 + 45. What is the remainder when b is divided by h?
10
Let a be (-1028)/(-8) + 1/2. Suppose -14 + a = 5*o + 3*g, -2*o = -4*g - 46. Calculate the remainder when 90 is divided by o.
21
Let h = 28 - 30. Let y be (h/(-4))/((-19)/(-1216)). Suppose d + u = y, 0*d - 3*d = -2*u - 101. Calculate the remainder when 63 is divided by d.
30
Suppose 27*c - 576 = 9*c. Calculate the remainder when c is divided by 13.
6
Let d = -16 + 36. Let m be 2 + (2 - (3 + -2)). Suppose m*v + 5*g = 2*v + 87, -377 = -5*v + 4*g. Calculate the remainder when v is divided by d.
17
Let p(c) = -2*c**2 + 30*c - 15. Let x be p(12). Suppose x*u + 78 = 63*u. Suppose v + 3*v = 12. Calculate the remainder when u is divided by v.
1
Suppose 7*b - 36 = 97. Suppose 0 = b*l - 15*l - 28. Calculate the remainder when 47 is divided by l.
5
Let g(w) = w**2 + 35*w + 108. Suppose a - 37 + 4 = 0. What is the remainder when a is divided by g(-32)?
9
Let p(o) = -o**2 + 36*o - 275. Let t = -171 + 326. Calculate the remainder when t is divided by p(15).
35
Let y = -337 + 340. What is the remainder when (-6)/9*(-18)/4 is divided by y?
0
Let o = 199 - 343. Let h = 255 + o. Calculate the remainder when h is divided by 14.
13
Suppose 52 = 2*x - 4*h, 33*x - 29*x + h - 59 = 0. What is the remainder when (-126)/(-2) - 2 - 0 is divided by x?
13
Suppose 0 = -0*q - 3*q - 6. Suppose -20 = -0*d - 2*d. What is the remainder when 74/6*3 - q is divided by d?
9
Let c(h) = h + 20. Let p(v) = v + 15. Let r(d) = d**2 + 9*d + 3. Let f be r(-7). What is the remainder when c(-7) is divided by p(f)?
1
Let x = -320 - -338. Let q = 219 + -133. What is the remainder when q is divided by x?
14
Let q = -7 - -17. Suppose j + 108 = q*j. What is the remainder when j is divided by 6?
0
Suppose -23*f = -24*f + 32. Suppose -7*x = -2*x - 60. What is the remainder when f is divided by x?
8
Let x = 101 - 67. Suppose -11 - x = -3*u. Suppose 2*g + g - i = 27, 4*i + 27 = 3*g. What is the remainder when u is divided by g?
6
Let m(o) = -o + 3. Let z be m(-5). Calculate the remainder when 43 is divided by (z + -5)*33/9.
10
Let k be ((-4)/3 + 2)*-9. Let p(x) = -x + 6. Let c = -6076 + 6099. Calculate the remainder when c is divided by p(k).
11
Suppose 1020 + 3444 = 16*i. What is the remainder when i is divided by 47?
44
Let a = 614 + -608. Calculate the remainder when 461 is divided by a.
5
Let r(h) = 11*h**2 + 3*h - 1. Su